15.
5, 23, 79
List the prime factors of 165453.
3, 131, 421
What are the prime factors of 293721?
3, 19, 5153
What are the prime factors of 12165727?
7, 17, 102233
What are the prime factors of 455506?
2, 19, 11987
List the prime factors of 1251854.
2, 625927
What are the prime factors of 391751?
391751
List the prime factors of 3802496.
2, 61, 487
What are the prime factors of 529932?
2, 3, 13, 43, 79
List the prime factors of 1362427.
11, 211, 587
What are the prime factors of 5813611?
5813611
What are the prime factors of 181119?
3, 60373
List the prime factors of 6140182.
2, 3070091
List the prime factors of 17648755.
5, 479, 7369
What are the prime factors of 611635?
5, 122327
What are the prime factors of 2167851?
3, 7, 103231
List the prime factors of 746424.
2, 3, 7, 1481
List the prime factors of 11939853.
3, 43, 92557
List the prime factors of 772460.
2, 5, 13, 2971
List the prime factors of 5403859.
5403859
What are the prime factors of 403785?
3, 5, 997
List the prime factors of 898123.
47, 97, 197
What are the prime factors of 29477568?
2, 3, 153529
What are the prime factors of 25902887?
29, 31, 28813
List the prime factors of 367794.
2, 3, 7, 139
What are the prime factors of 176721?
3, 58907
What are the prime factors of 49789?
49789
List the prime factors of 704497.
17, 29, 1429
List the prime factors of 95763.
3, 137, 233
What are the prime factors of 215169?
3, 17, 4219
What are the prime factors of 49368?
2, 3, 11, 17
List the prime factors of 21582.
2, 3, 11, 109
What are the prime factors of 248301?
3, 47, 587
List the prime factors of 27327834.
2, 3, 506071
List the prime factors of 2002972.
2, 29, 31, 557
List the prime factors of 1338158.
2, 41, 16319
What are the prime factors of 12412884?
2, 3, 11, 271, 347
List the prime factors of 4919690.
2, 5, 491969
What are the prime factors of 1623807?
3, 20047
What are the prime factors of 1816102?
2, 67, 13553
List the prime factors of 230990.
2, 5, 23099
List the prime factors of 167060.
2, 5, 8353
List the prime factors of 1649029.
19, 229, 379
What are the prime factors of 584260?
2, 5, 131, 223
What are the prime factors of 1749912?
2, 3, 17, 4289
List the prime factors of 4280148.
2, 3, 39631
List the prime factors of 282396.
2, 3, 101, 233
What are the prime factors of 1015417?
13, 19, 4111
List the prime factors of 1949503.
23, 84761
What are the prime factors of 16840076?
2, 11, 382729
List the prime factors of 12932048.
2, 701, 1153
What are the prime factors of 227008?
2, 3547
List the prime factors of 4651428.
2, 3, 19, 23, 887
What are the prime factors of 27520455?
3, 5, 19, 61, 1583
What are the prime factors of 353679?
3, 31, 3803
What are the prime factors of 8570576?
2, 7, 59, 1297
List the prime factors of 8504778.
2, 3, 1417463
What are the prime factors of 204271?
359, 569
What are the prime factors of 1175152?
2, 11, 607
List the prime factors of 742257.
3, 37, 743
What are the prime factors of 6627795?
3, 5, 23, 19211
List the prime factors of 2232163.
41, 54443
What are the prime factors of 14591820?
2, 3, 5, 243197
What are the prime factors of 502902?
2, 3, 67, 139
What are the prime factors of 10582296?
2, 3, 17, 37, 701
List the prime factors of 33872809.
719, 47111
List the prime factors of 144117.
3, 67, 239
What are the prime factors of 860845?
5, 172169
What are the prime factors of 123570?
2, 3, 5, 1373
What are the prime factors of 258739?
13, 1531
List the prime factors of 27018.
2, 3, 19, 79
List the prime factors of 2903764.
2, 53, 13697
What are the prime factors of 26920978?
2, 7, 37, 51971
What are the prime factors of 2571871?
2571871
What are the prime factors of 59051?
59051
What are the prime factors of 119226?
2, 3, 31, 641
What are the prime factors of 135992?
2, 89, 191
What are the prime factors of 946976?
2, 101, 293
List the prime factors of 630722.
2, 315361
List the prime factors of 16992639.
3, 17, 37021
List the prime factors of 288507.
3, 17, 5657
List the prime factors of 1180486.
2, 590243
List the prime factors of 374744.
2, 139, 337
What are the prime factors of 217934?
2, 108967
List the prime factors of 3367823.
3367823
What are the prime factors of 24057?
3, 11
What are the prime factors of 585763?
491, 1193
List the prime factors of 505822.
2, 252911
What are the prime factors of 15071918?
2, 67, 137, 821
List the prime factors of 17575176.
2, 3, 732299
List the prime factors of 415390.
2, 5, 41539
List the prime factors of 10057408.
2, 167, 941
What are the prime factors of 1568469?
3, 7, 19, 3931
List the prime factors of 351512.
2, 7, 6277
List the prime factors of 204317.
59, 3463
List the prime factors of 2173834.
2, 13, 83609
List the prime factors of 5699102.
2, 31, 91921
What are the prime factors of 1073062?
2, 536531
What are the prime factors of 229451?
59, 3889
List the prime factors of 1324391.
1324391
What are the prime factors of 282458?
2, 11, 37, 347
What are the prime factors of 1206620?
2, 5, 60331
List the prime factors of 49067.
139, 353
List the prime factors of 148612.
2, 53, 701
List the prime factors of 8465608.
2, 373, 2837
List the prime factors of 394168.
2, 29, 1699
What are the prime factors of 21467412?
2, 3, 596317
List the prime factors of 2231740.
2, 5, 7, 19, 839
List the prime factors of 7529039.
7, 1075577
List the prime factors of 415831.
13, 29, 1103
What are the prime factors of 27968948?
2, 7, 47, 53, 401
List the prime factors of 6884631.
3, 13, 19, 163
List the prime factors of 4711577.
13, 362429
What are the prime factors of 1660137?
3, 101, 5479
List the prime factors of 14413189.
7, 263, 7829
What are the prime factors of 9364?
2, 2341
List the prime factors of 13088310.
2, 3, 5, 293, 1489
What are the prime factors of 11557?
7, 13, 127
List the prime factors of 286998.
2, 3, 31, 1543
What are the prime factors of 162712?
2, 11, 43
List the prime factors of 880512.
2, 3, 2293
List the prime factors of 519938.
2, 23, 89, 127
What are the prime factors of 9568831?
2741, 3491
What are the prime factors of 4041036?
2, 3, 17, 31, 71
What are the prime factors of 73722?
2, 3, 11, 1117
What are the prime factors of 1634301?
3, 41, 43, 103
What are the prime factors of 92397?
3, 19, 1621
List the prime factors of 241756.
2, 19, 3181
What are the prime factors of 402209?
127, 3167
List the prime factors of 6645131.
6645131
What are the prime factors of 18228157?
18228157
What are the prime factors of 1474324?
2, 19, 1021
List the prime factors of 10977199.
97, 113167
List the prime factors of 6868994.
2, 11, 19, 16433
List the prime factors of 64073.
17, 3769
List the prime factors of 21857002.
2, 17, 642853
List the prime factors of 339472.
2, 7, 433
List the prime factors of 352005.
3, 5, 31, 757
List the prime factors of 752850.
2, 3, 5, 7, 239
List the prime factors of 1457966.
2, 599, 1217
List the prime factors of 1144559.
13, 17, 5179
List the prime factors of 6634694.
2, 11, 301577
List the prime factors of 1216246.
2, 608123
List the prime factors of 2655750.
2, 3, 5, 3541
List the prime factors of 670583.
670583
What are the prime factors of 30772?
2, 7, 157
What are the prime factors of 1695358?
2, 7, 83, 1459
List the prime factors of 1715023.
263, 6521
What are the prime factors of 463609?
131, 3539
List the prime factors of 12905633.
13, 43, 23087
What are the prime factors of 1937599?
521, 3719
What are the prime factors of 73774?
2, 36887
What are the prime factors of 427272?
2, 3, 19, 937
What are the prime factors of 140213?
31, 4523
List the prime factors of 10092.
2, 3, 29
List the prime factors of 1191507.
3, 389, 1021
List the prime factors of 2517288.
2, 3, 53, 1979
What are the prime factors of 878101?
7, 17, 47, 157
What are the prime factors of 38380779?
3, 19, 224449
What are the prime factors of 2083907?
7, 41, 53, 137
List the prime factors of 36272.
2, 2267
What are the prime factors of 414628?
2, 103657
What are the prime factors of 8314944?
2, 3, 11, 31, 127
List the prime factors of 5755001.
7, 257, 457
What are the prime factors of 651579?
3, 43, 5051
List the prime factors of 2011640.
2, 5, 50291
What are the prime factors of 7601670?
2, 3, 5, 84463
What are the prime factors of 298791?
3, 33199
List the prime factors of 325502.
2, 16275